ose 0*s = y*s - 48. List the prime factors of s.
2
Let r(y) = -y**2 + 6*y. Let t be r(3). Let m be t/6 + 195/6. Suppose 4*g - m - 6 = 0. List the prime factors of g.
2, 5
Let n(o) = -5*o - 12. Let f be n(-6). Let c = f - 13. What are the prime factors of c?
5
Let k = -186 - -261. Let o = -51 + k. What are the prime factors of o?
2, 3
Suppose -6*f - 69 + 255 = 0. List the prime factors of f.
31
Let o be 6/(-2)*12/(-9). Suppose -8 = -2*s - 4*k - 2, 5*s + o*k - 45 = 0. List the prime factors of s.
13
Suppose 10 = 4*w + 2. Let j(q) = q - w*q**2 - 5*q - 2*q**3 - 3 - 2*q**2. List the prime factors of j(-2).
5
Suppose -t - 4*q + 170 = 0, 4*t - t + 2*q - 540 = 0. What are the prime factors of t?
2, 7, 13
Let l be (4/(-4))/((-1)/4). Suppose 121 = 4*k - l*c - 31, 5*k - 4*c - 188 = 0. List the prime factors of (2/(-6))/((-6)/k).
2
Let j(u) = -4*u**2 + 31*u**2 + 0 + 1. What are the prime factors of j(1)?
2, 7
Let q(u) = -u**3 + 13*u**2 + 13*u - 3. Let h(y) = 6*y**3 - 66*y**2 - 66*y + 16. Let f(s) = -2*h(s) - 11*q(s). List the prime factors of f(-10).
11
Let r(m) = 2*m - 6. Let c be r(5). Suppose -3*v - 7 + c = 0. List the prime factors of 21/(-1)*v/3.
7
Suppose -4*k + n - 20 = 0, 4*n + 36 = -4*k + n. Let i(l) = -l**2 - 8*l + 2. What are the prime factors of i(k)?
2, 7
Let w(r) = r**3 + 7*r**2 + 5*r + 5. What are the prime factors of w(-6)?
11
Suppose -9*t + 16*t = 602. List the prime factors of t.
2, 43
Suppose r + j = -11, r - 2*j = -0*r - 5. Let l be 4/(-18) - 110/r. Suppose -3*v + l = 5*p - 2*p, -3*p = -3*v + 30. What are the prime factors of v?
7
Suppose 4*s + 672 = 6*s. List the prime factors of s.
2, 3, 7
List the prime factors of (-2)/1 + (-1596)/(-21).
2, 37
Let a = 52 + 6. What are the prime factors of a?
2, 29
Let h = -37 - -85. List the prime factors of h.
2, 3
Let k = 8 - 3. What are the prime factors of 297/45 + 2/k?
7
Let k be 2/(-2 - -3 - 0). List the prime factors of (2 - 1)/(k/32).
2
Let p(i) = i**3 + 8*i**2. Let g be -3 + (1 - 3 - 3). Let w be p(g). Suppose w = -2*t + 4 + 4. List the prime factors of t.
2
Suppose 2*s = -2*m - m + 25, -4*m - 120 = -5*s. Suppose 0 = 4*a - 20 - s. What are the prime factors of a?
2, 5
Let y(q) = q**3 + 10*q**2 - q + 14. What are the prime factors of y(-10)?
2, 3
Suppose -2*w = -3*d - 73, -d = -0 + 3. List the prime factors of w.
2
Let l(w) = -11*w + 6. Let q(t) = -10*t + 6. Let k(b) = -5*l(b) + 6*q(b). Let n be k(-6). Let x = n - 18. What are the prime factors of x?
2, 3
Let u(l) = 3*l**2 - l - 4. Let y be u(3). Suppose -3*h + y = 2*h. What are the prime factors of h?
2
Let z = 237 + -151. List the prime factors of z.
2, 43
Let f = -10 - -15. Suppose 3*d = f*d + 4. What are the prime factors of 2 - (-2 + 0/d)?
2
Let f(j) = -j**2 - 18*j - 11. List the prime factors of f(-14).
3, 5
Let v(y) = y**2 - 1 - 3*y**2 - 4*y + 3*y**2. List the prime factors of v(5).
2
Suppose 0*k + 2*k + 18 = 2*r, -2*r - 2*k = 2. Let b(v) = 5*v + 2. Let u be b(r). Let l = u + -10. List the prime factors of l.
2, 3
Let a = 0 - -2. Let m be -2*(-2)/4*a. Suppose -18 = -m*w + u, 3*w - 2*u = u + 33. What are the prime factors of w?
7
Suppose -i + 40 = y + 4*i, 5*y - 50 = 5*i. List the prime factors of y.
3, 5
Let q = 9 - 6. List the prime factors of q.
3
Let y(g) be the first derivative of g + 1/2*g**2 + 1 + 1/3*g**3. What are the prime factors of y(-3)?
7
Suppose 5*j - 19 = s + 2, -3*j = -2*s - 14. Suppose 4*p = 2*o, j*p - 4*o = -3*o. What are the prime factors of (p - -2) + 10/2?
7
Let u = 302 - 163. What are the prime factors of u?
139
Let k = -8 - -10. Suppose 0 = -0*q + k*q - 176. Suppose 5*d = 4*y + q, -y = -4*d + y + 68. List the prime factors of d.
2
Let h(k) be the second derivative of k**5/20 + 5*k**4/12 + 2*k**3/3 + 3*k**2/2 + 3*k. What are the prime factors of h(-4)?
3
Let h be (2/(-3))/((-6)/36). Let v = h - 6. List the prime factors of (v - (-11 + 0)) + 1.
2, 5
Suppose -4 = -y - 0, -2*j - 2*y = -12. Suppose -3*v = -j*m + 22, -2*m - 2*v - 2*v = -8. List the prime factors of m.
2
List the prime factors of 1 - (-15)/(-9) - (-7800)/36.
2, 3
Suppose 4*y + y = -2*x + 102, y = -4*x + 240. List the prime factors of x.
61
Let d = 66 - 12. What are the prime factors of d?
2, 3
Let v(k) = k - 13 + 5 + 21. Let a = -10 - -2. List the prime factors of v(a).
5
Suppose 2*m = 5*x - 283, 2*x = 4*m - m + 111. List the prime factors of x.
3, 19
Let h(w) = -w**3 + 8*w**2 - 8*w. Let b be h(6). Suppose -4*z + 52 = -b. List the prime factors of z.
19
Let c(a) = -a**3 + 17*a**2 - 3*a - 9. What are the prime factors of c(16)?
199
Let h be (6/(-15))/((-2)/20). Suppose -p - 1 = -h. List the prime factors of p.
3
Suppose -3*h = -5*u + u + 38, 0 = -u - 4*h. Suppose -u*c + 120 = -4*c. List the prime factors of c.
2, 3, 5
Suppose 5*r - 142 = -3*p, -5*p + 2*r + 256 = 40. What are the prime factors of p?
2, 11
Let i be (-17)/(-5) + 6/(-15). Suppose -i*p - 108 = p. List the prime factors of (p/(-6))/((-3)/(-8)).
2, 3
Let x = -173 + 250. Let f = x - 43. What are the prime factors of f?
2, 17
Suppose 9 = -i + q - 4*q, 0 = 5*i + 3*q + 9. Let g = i + 14. What are the prime factors of 4/g - (-54)/7?
2
Suppose 2*f = 6*f - 8. Suppose -f*h + 24 = -30. What are the prime factors of h?
3
Let w(m) = -48*m - 1. List the prime factors of w(-1).
47
Let y be (-3 + 5)*(-1 + -1). Let d be -4*(14/y + -1). Suppose -d = -4*f + 5*l, 5*f = l + 3*l + 18. List the prime factors of f.
2
Let n = -43 + 66. What are the prime factors of n?
23
Suppose -1 = g + 4, -g = -n + 9. List the prime factors of -4 + (n - 3) - -32.
29
Let c = -1 + 3. Let a(g) = 4*g**3 + 2*g**2 - 5*g**3 + 4*g**2 + c. List the prime factors of a(6).
2
Suppose 2*g + 11 = 57. Let u = -24 - -13. Let s = g + u. What are the prime factors of s?
2, 3
Suppose -2*t - 3*q - 11 = -t, 0 = -3*t - 2*q + 2. List the prime factors of 0 + 57*t/6.
2, 19
Let z be (0 + -39)*(0 + -1). Suppose -3*l - 1 = -13. Suppose -z - 29 = -l*f. What are the prime factors of f?
17
Suppose -5*y = -2*y - f - 56, 4*f - 80 = -4*y. What are the prime factors of (-9)/(1 - -2) + y?
2
Suppose 0 = -12*c + 1385 - 233. List the prime factors of c.
2, 3
Suppose 0 = 4*n - h - 129, -3*n - 4*h - 144 = -7*n. Suppose -l - 4*q = -30, 3*q - 4 = -2*l + n. What are the prime factors of l?
2, 5
Suppose 3*i - 6 = 9. Suppose -4*x - v + 17 = -6, -i*x - 3*v = -27. Suppose 3*k + 4*z = x*k - 31, 0 = -3*k - 3*z + 45. List the prime factors of k.
13
Suppose 0 = 4*v - 0*k + 4*k - 1268, 635 = 2*v + k. List the prime factors of v.
2, 3, 53
Let i(w) = w**3 + 8*w**2 + w + 1. Let x be i(-8). Let a(c) = c**2 + 7*c + 2. List the prime factors of a(x).
2
Suppose 0*x + 12 = 3*x. Suppose -15 = 4*z + 5*p, -z - x*p - p = -15. What are the prime factors of 9/(-3)*z/6?
5
Suppose -5*y = -187 - 138. Suppose 0 = -3*n - 3*o + 51, 5*n + 2*o - o = y. List the prime factors of n.
2, 3
Suppose -7*l + 770 = 175. What are the prime factors of l?
5, 17
Let t(z) be the third derivative of z**4/8 - z**3/6 - 5*z**2. What are the prime factors of t(6)?
17
Let d(r) = 7*r**2 + 2. Suppose 4 + 6 = 5*s. What are the prime factors of d(s)?
2, 3, 5
Suppose -r + 1 = 2*g - 2*r, 3*r - 7 = -4*g. Let i be (g/(-2))/((-1)/2). Let k = 7 - i. List the prime factors of k.
2, 3
Suppose -70 = -n - 4*s, 3*n - 2*s - 22 - 118 = 0. Suppose -5*t = -0*j - 4*j - n, -t + 24 = 2*j. List the prime factors of t.
2, 7
Suppose -2*m - 1 = -9. Suppose -m*k + 10 = -14. What are the prime factors of k?
2, 3
Let j(f) = -3*f + 6. Let g be j(5). Let a = 1 - g. List the prime factors of a.
2, 5
List the prime factors of 0/(-15) - 25*-2.
2, 5
Suppose 4*d + 4 = 4*k, -2*d + 0 = -5*k + 8. Let l be -2 - (-1 - 9*k). Let j = l - 9. List the prime factors of j.
2
List the prime factors of (-13)/2*-9 - 2/(-4).
59
Let v(w) = w + 4. Let k be v(9). Let x = k - 10. What are the prime factors of x?
3
Let u be 0/(-1 + -2 + 0). Let i(b) = 2*b - 9. Let n be i(6). Let q = n + u. What are the prime factors of q?
3
Let m be (-2 + 1)/(3/(-12)). Suppose m*u = 1 + 27. What are the prime factors of u?
7
Let j be ((-7)/(7/12))/(-1). Suppose -j - 6 = -z. List the prime factors of z.
2, 3
Let u = -4 + 8. Suppose 3*l + 4*p = -4 + 41, -u = -p. List the prime factors of l.
7
Suppose 5*y - 3*g + 158 = 0, 0*y - 2*g + 162 = -5*y. Let i = -12 - y. List the prime factors of i.
2